{"id":3,"date":"2024-08-28T14:03:26","date_gmt":"2024-08-28T14:03:26","guid":{"rendered":"http:\/\/comprodiverso.com\/?page_id=3"},"modified":"2025-07-05T01:02:06","modified_gmt":"2025-07-05T01:02:06","slug":"aviso-de-privacidad","status":"publish","type":"page","link":"https:\/\/comprodiverso.com\/es\/aviso-de-privacidad\/","title":{"rendered":"Aviso de Privacidad"},"content":{"rendered":"\n<h4 class=\"wp-block-heading\"><strong>IDENTIDAD Y DOMICILIO DEL RESPONSABLE<\/strong><\/h4>\n\n\n\n<p>Con fundamento en los art\u00edculos 15 y 16 de la <strong>Ley Federal de Protecci\u00f3n de Datos Personales en Posesi\u00f3n de los Particulares<\/strong> y su Reglamento, se informa que <strong>Zombusiness S. A. de C. V.<\/strong>, empresa legalmente constituida y <strong>titular de la marca registrada ComproDiverso<\/strong>, con domicilio en <strong>Torre Chapultepec Uno, Paseo de la Reforma 509, Piso 16, Suite 1662, Col. Cuauht\u00e9moc, Alcald\u00eda Cuauht\u00e9moc, C.P. 06500, Ciudad de M\u00e9xico, M\u00e9xico<\/strong>, es la responsable del tratamiento de sus datos personales.<\/p>\n\n\n\n<div style=\"height:30px\" aria-hidden=\"true\" class=\"wp-block-spacer\"><\/div>\n\n\n\n<hr class=\"wp-block-separator has-alpha-channel-opacity is-style-default\"\/>\n\n\n\n<div style=\"height:50px\" aria-hidden=\"true\" class=\"wp-block-spacer\"><\/div>\n\n\n\n<h4 class=\"wp-block-heading\"><strong>OBTENCI\u00d3N DE DATOS PERSONALES<\/strong><\/h4>\n\n\n\n<p>ComproDiverso actuar\u00e1 en todo momento conforme a los principios de <strong>licitud, consentimiento, informaci\u00f3n, calidad, finalidad, lealtad, proporcionalidad y responsabilidad<\/strong>.<\/p>\n\n\n\n<p>Los datos personales que podremos solicitar incluyen, entre otros:<\/p>\n\n\n\n<ul class=\"wp-block-list\">\n<li>nombre(s) y apellidos<\/li>\n\n\n\n<li>domicilio<\/li>\n\n\n\n<li>tel\u00e9fono<\/li>\n\n\n\n<li>correo electr\u00f3nico<\/li>\n\n\n\n<li>informaci\u00f3n relacionada con su negocio o empresa.<\/li>\n<\/ul>\n\n\n\n<div style=\"height:30px\" aria-hidden=\"true\" class=\"wp-block-spacer\"><\/div>\n\n\n\n<hr class=\"wp-block-separator has-alpha-channel-opacity is-style-default\"\/>\n\n\n\n<div style=\"height:50px\" aria-hidden=\"true\" class=\"wp-block-spacer\"><\/div>\n\n\n\n<h4 class=\"wp-block-heading\"><strong>FINALIDADES DEL TRATAMIENTO<\/strong><\/h4>\n\n\n\n<p>Los datos personales ser\u00e1n utilizados para las siguientes finalidades:<\/p>\n\n\n\n<ul class=\"wp-block-list\">\n<li>establecer y mantener comunicaci\u00f3n sobre nuestras actividades, eventos e iniciativas;<\/li>\n\n\n\n<li>generar estad\u00edsticas y an\u00e1lisis del sector de compradores, proveedores y reclutadores diversos en M\u00e9xico;<\/li>\n\n\n\n<li>promover oportunidades de networking, capacitaci\u00f3n y desarrollo de negocios entre los miembros de la red;<\/li>\n\n\n\n<li>compartir informaci\u00f3n sobre programas, convocatorias y eventos relevantes relacionados con inclusi\u00f3n, diversidad y desarrollo empresarial.<\/li>\n<\/ul>\n\n\n\n<div style=\"height:30px\" aria-hidden=\"true\" class=\"wp-block-spacer\"><\/div>\n\n\n\n<hr class=\"wp-block-separator has-alpha-channel-opacity is-style-default\"\/>\n\n\n\n<div style=\"height:50px\" aria-hidden=\"true\" class=\"wp-block-spacer\"><\/div>\n\n\n\n<h4 class=\"wp-block-heading\"><strong>DATOS PERSONALES SENSIBLES<\/strong><\/h4>\n\n\n\n<p><strong>ComproDiverso no recabar\u00e1 datos personales sensibles<\/strong> y no mantiene bases de datos que contengan dicha informaci\u00f3n.<\/p>\n\n\n\n<div style=\"height:30px\" aria-hidden=\"true\" class=\"wp-block-spacer\"><\/div>\n\n\n\n<hr class=\"wp-block-separator has-alpha-channel-opacity is-style-default\"\/>\n\n\n\n<div style=\"height:50px\" aria-hidden=\"true\" class=\"wp-block-spacer\"><\/div>\n\n\n\n<h4 class=\"wp-block-heading\"><strong>TRANSFERENCIA DE DATOS PERSONALES<\/strong><\/h4>\n\n\n\n<p><strong>ComproDiverso<\/strong> <strong>no compartir\u00e1 sus datos personales con terceros sin su consentimiento expreso<\/strong>. En caso de que sea necesario transferir sus datos a alguna empresa afiliada o aliada para el cumplimiento de las finalidades antes descritas, se le notificar\u00e1 por correo electr\u00f3nico, explicando el prop\u00f3sito de dicha transferencia.<\/p>\n\n\n\n<p>La informaci\u00f3n <strong>solo ser\u00e1 compartida si el titular otorga su autorizaci\u00f3n expresa<\/strong>. En caso de no recibir dicha autorizaci\u00f3n, sus datos no ser\u00e1n compartidos bajo ninguna circunstancia.<\/p>\n\n\n\n<div style=\"height:30px\" aria-hidden=\"true\" class=\"wp-block-spacer\"><\/div>\n\n\n\n<hr class=\"wp-block-separator has-alpha-channel-opacity is-style-default\"\/>\n\n\n\n<div style=\"height:50px\" aria-hidden=\"true\" class=\"wp-block-spacer\"><\/div>\n\n\n\n<h4 class=\"wp-block-heading\"><strong>DERECHOS ARCO (ACCESO, RECTIFICACI\u00d3N, CANCELACI\u00d3N Y OPOSICI\u00d3N)<\/strong><\/h4>\n\n\n\n<p>Usted, como titular de los datos, puede ejercer en cualquier momento sus derechos de <strong>acceso, rectificaci\u00f3n, cancelaci\u00f3n y oposici\u00f3n<\/strong> (ARCO) enviando una solicitud al correo electr\u00f3nico <a href=\"mailto:contacto@comprodiverso.com\">contacto@comprodiverso.com<\/a>, o bien present\u00e1ndola directamente en nuestras oficinas.<\/p>\n\n\n\n<p>La solicitud deber\u00e1 contener:<\/p>\n\n\n\n<ul class=\"wp-block-list\">\n<li>nombre completo y medio de contacto (correo electr\u00f3nico, domicilio o tel\u00e9fono)<\/li>\n\n\n\n<li>copia de una identificaci\u00f3n oficial vigente<\/li>\n\n\n\n<li>descripci\u00f3n clara del derecho que desea ejercer.<\/li>\n<\/ul>\n\n\n\n<p>En caso de rectificaci\u00f3n, anexar los documentos que sustenten su petici\u00f3n.<\/p>\n\n\n\n<p><strong>ComproDiverso<\/strong> se compromete a responder en un plazo m\u00e1ximo de <strong>20 d\u00edas h\u00e1biles<\/strong> contados a partir de la recepci\u00f3n de su solicitud.<\/p>\n\n\n\n<div style=\"height:30px\" aria-hidden=\"true\" class=\"wp-block-spacer\"><\/div>\n\n\n\n<hr class=\"wp-block-separator has-alpha-channel-opacity is-style-default\"\/>\n\n\n\n<div style=\"height:50px\" aria-hidden=\"true\" class=\"wp-block-spacer\"><\/div>\n\n\n\n<h4 class=\"wp-block-heading\"><strong>COMENTARIOS<\/strong><\/h4>\n\n\n\n<p>Cuando los visitantes dejan comentarios en el sitio, recopilamos los datos que se muestran en el formulario de comentarios, as\u00ed como la direcci\u00f3n IP del visitante y la cadena de agente de usuario del navegador para ayudar en la detecci\u00f3n de spam.<\/p>\n\n\n\n<p>Una cadena anonimizada creada a partir de tu direcci\u00f3n de correo electr\u00f3nico (tambi\u00e9n llamada <em>hash<\/em>) puede ser proporcionada al servicio Gravatar para verificar si lo est\u00e1s utilizando. La pol\u00edtica de privacidad del servicio Gravatar est\u00e1 disponible aqu\u00ed:\u00a0<a href=\"https:\/\/automattic.com\/privacy\/\">https:\/\/automattic.com\/privacy\/<\/a>.<\/p>\n\n\n\n<p>Despu\u00e9s de la aprobaci\u00f3n de tu comentario, tu foto de perfil ser\u00e1 visible al p\u00fablico en el contexto de tu comentario.<\/p>\n\n\n\n<div style=\"height:30px\" aria-hidden=\"true\" class=\"wp-block-spacer\"><\/div>\n\n\n\n<hr class=\"wp-block-separator has-alpha-channel-opacity is-style-default\"\/>\n\n\n\n<div style=\"height:50px\" aria-hidden=\"true\" class=\"wp-block-spacer\"><\/div>\n\n\n\n<h4 class=\"wp-block-heading\"><strong>MEDIA<\/strong><\/h4>\n\n\n\n<p>Si subes im\u00e1genes al sitio web, deber\u00edas evitar subir im\u00e1genes que contengan datos de ubicaci\u00f3n incrustados (EXIF GPS). Los visitantes del sitio web pueden descargar y extraer cualquier dato de ubicaci\u00f3n de las im\u00e1genes publicadas en el sitio.<\/p>\n\n\n\n<div style=\"height:30px\" aria-hidden=\"true\" class=\"wp-block-spacer\"><\/div>\n\n\n\n<hr class=\"wp-block-separator has-alpha-channel-opacity is-style-default\"\/>\n\n\n\n<div style=\"height:50px\" aria-hidden=\"true\" class=\"wp-block-spacer\"><\/div>\n\n\n\n<h4 class=\"wp-block-heading\"><strong>COOKIES<\/strong><\/h4>\n\n\n\n<p>Si dejas un comentario en nuestro sitio, puedes optar por guardar tu nombre, direcci\u00f3n de correo electr\u00f3nico y sitio web en <em>cookies<\/em>. Esto es para tu comodidad, para que no tengas que volver a ingresar tus datos cuando dejes otro comentario. Estas <em>cookies<\/em> durar\u00e1n un a\u00f1o.<\/p>\n\n\n\n<p>Si visitas nuestra p\u00e1gina de inicio de sesi\u00f3n, configuraremos una <em>cookie<\/em> temporal para determinar si tu navegador acepta <em>cookies<\/em>. Esta <em>cookie<\/em> no contiene datos personales y se elimina al cerrar tu navegador.<\/p>\n\n\n\n<p>Cuando inicias sesi\u00f3n, tambi\u00e9n configuraremos varias <em>cookies<\/em> para guardar tu informaci\u00f3n de inicio de sesi\u00f3n y tus preferencias de visualizaci\u00f3n de pantalla. Las <em>cookies<\/em> de inicio de sesi\u00f3n duran dos d\u00edas, y las <em>cookies<\/em> de opciones de pantalla duran un a\u00f1o. Si seleccionas \u201cRecu\u00e9rdame\u201d, tu inicio de sesi\u00f3n persistir\u00e1 durante dos semanas. Si cierras sesi\u00f3n en tu cuenta, las <em>cookies<\/em> de inicio de sesi\u00f3n se eliminar\u00e1n.<\/p>\n\n\n\n<p>Si editas o publicas un art\u00edculo, se guardar\u00e1 una <em>cookie<\/em> adicional en tu navegador. Esta <em>cookie<\/em> no incluye datos personales y simplemente indica el ID de la publicaci\u00f3n del art\u00edculo que acabas de editar. Expira despu\u00e9s de un d\u00eda.<\/p>\n\n\n\n<div style=\"height:30px\" aria-hidden=\"true\" class=\"wp-block-spacer\"><\/div>\n\n\n\n<hr class=\"wp-block-separator has-alpha-channel-opacity is-style-default\"\/>\n\n\n\n<div style=\"height:50px\" aria-hidden=\"true\" class=\"wp-block-spacer\"><\/div>\n\n\n\n<h4 class=\"wp-block-heading\"><strong>CONTENIDO INCRUSTADO DE OTROS SITIOS WEB<\/strong><\/h4>\n\n\n\n<p>Los art\u00edculos en este sitio pueden incluir contenido incrustado (por ejemplo, videos, im\u00e1genes, art\u00edculos, etc.). El contenido incrustado de otros sitios web se comporta de la misma manera que si el visitante hubiera visitado directamente dicho sitio.<\/p>\n\n\n\n<p>Estos sitios web pueden recopilar datos sobre ti, usar <em>cookies<\/em>, incrustar seguimiento adicional de terceros y monitorear tu interacci\u00f3n con ese contenido incrustado, incluyendo el seguimiento de tu interacci\u00f3n si tienes una cuenta y has iniciado sesi\u00f3n en ese sitio web.<\/p>\n\n\n\n<div style=\"height:30px\" aria-hidden=\"true\" class=\"wp-block-spacer\"><\/div>\n\n\n\n<hr class=\"wp-block-separator has-alpha-channel-opacity is-style-default\"\/>\n\n\n\n<div style=\"height:50px\" aria-hidden=\"true\" class=\"wp-block-spacer\"><\/div>\n\n\n\n<h4 class=\"wp-block-heading\"><strong>CU\u00c1NTO TIEMPO CONSERVAMOS TUS DATOS<\/strong><\/h4>\n\n\n\n<p>Si dejas un comentario, el comentario y sus metadatos se conservan indefinidamente. Esto es para que podamos reconocer y aprobar autom\u00e1ticamente cualquier comentario de seguimiento en lugar de mantenerlo en una cola de moderaci\u00f3n.<\/p>\n\n\n\n<p>Para los usuarios que se registran en nuestro sitio web (si los hay), tambi\u00e9n almacenamos la informaci\u00f3n personal que proporcionan en su perfil de usuario. Todos los usuarios pueden ver, editar o eliminar su informaci\u00f3n personal en cualquier momento (excepto el nombre de usuario, que no se puede cambiar). Los administradores del sitio web tambi\u00e9n pueden ver y editar esa informaci\u00f3n.<\/p>\n\n\n\n<div style=\"height:30px\" aria-hidden=\"true\" class=\"wp-block-spacer\"><\/div>\n\n\n\n<hr class=\"wp-block-separator has-alpha-channel-opacity is-style-default\"\/>\n\n\n\n<div style=\"height:50px\" aria-hidden=\"true\" class=\"wp-block-spacer\"><\/div>\n\n\n\n<p>Fecha de \u00faltima actualizaci\u00f3n: <strong>04 de julio de 2025<\/strong><\/p>\n","protected":false},"excerpt":{"rendered":"<p>IDENTIDAD Y DOMICILIO DEL RESPONSABLE Con fundamento en los art\u00edculos 15 y 16 de la Ley Federal de Protecci\u00f3n de Datos Personales en Posesi\u00f3n de los Particulares y su Reglamento, se informa que Zombusiness S. A. de C. V., empresa legalmente constituida y titular de la marca registrada ComproDiverso, con domicilio en Torre Chapultepec Uno, [&hellip;]<\/p>\n","protected":false},"author":1,"featured_media":0,"parent":0,"menu_order":0,"comment_status":"closed","ping_status":"closed","template":"","meta":{"footnotes":""},"class_list":["post-3","page","type-page","status-publish","hentry"],"_links":{"self":[{"href":"https:\/\/comprodiverso.com\/es\/wp-json\/wp\/v2\/pages\/3","targetHints":{"allow":["GET"]}}],"collection":[{"href":"https:\/\/comprodiverso.com\/es\/wp-json\/wp\/v2\/pages"}],"about":[{"href":"https:\/\/comprodiverso.com\/es\/wp-json\/wp\/v2\/types\/page"}],"author":[{"embeddable":true,"href":"https:\/\/comprodiverso.com\/es\/wp-json\/wp\/v2\/users\/1"}],"replies":[{"embeddable":true,"href":"https:\/\/comprodiverso.com\/es\/wp-json\/wp\/v2\/comments?post=3"}],"version-history":[{"count":5,"href":"https:\/\/comprodiverso.com\/es\/wp-json\/wp\/v2\/pages\/3\/revisions"}],"predecessor-version":[{"id":3071,"href":"https:\/\/comprodiverso.com\/es\/wp-json\/wp\/v2\/pages\/3\/revisions\/3071"}],"wp:attachment":[{"href":"https:\/\/comprodiverso.com\/es\/wp-json\/wp\/v2\/media?parent=3"}],"curies":[{"name":"wp","href":"https:\/\/api.w.org\/{rel}","templated":true}]}}

<h4 class="wp-block-heading"><strong>IDENTIDAD Y DOMICILIO DEL RESPONSABLE</strong></h4>



<p>Con fundamento en los artículos 15 y 16 de la <strong>Ley Federal de Protección de Datos Personales en Posesión de los Particulares</strong> y su Reglamento, se informa que <strong>Zombusiness S. A. de C. V.</strong>, empresa legalmente constituida y <strong>titular de la marca registrada ComproDiverso</strong>, con domicilio en <strong>Torre Chapultepec Uno, Paseo de la Reforma 509, Piso 16, Suite 1662, Col. Cuauhtémoc, Alcaldía Cuauhtémoc, C.P. 06500, Ciudad de México, México</strong>, es la responsable del tratamiento de sus datos personales.</p>



<div style="height:30px" aria-hidden="true" class="wp-block-spacer"></div>



<hr class="wp-block-separator has-alpha-channel-opacity is-style-default"/>



<div style="height:50px" aria-hidden="true" class="wp-block-spacer"></div>



<h4 class="wp-block-heading"><strong>OBTENCIÓN DE DATOS PERSONALES</strong></h4>



<p>ComproDiverso actuará en todo momento conforme a los principios de <strong>licitud, consentimiento, información, calidad, finalidad, lealtad, proporcionalidad y responsabilidad</strong>.</p>



<p>Los datos personales que podremos solicitar incluyen, entre otros:</p>



<ul class="wp-block-list">
<li>nombre(s) y apellidos</li>



<li>domicilio</li>



<li>teléfono</li>



<li>correo electrónico</li>



<li>información relacionada con su negocio o empresa.</li>
</ul>



<div style="height:30px" aria-hidden="true" class="wp-block-spacer"></div>



<hr class="wp-block-separator has-alpha-channel-opacity is-style-default"/>



<div style="height:50px" aria-hidden="true" class="wp-block-spacer"></div>



<h4 class="wp-block-heading"><strong>FINALIDADES DEL TRATAMIENTO</strong></h4>



<p>Los datos personales serán utilizados para las siguientes finalidades:</p>



<ul class="wp-block-list">
<li>establecer y mantener comunicación sobre nuestras actividades, eventos e iniciativas;</li>



<li>generar estadísticas y análisis del sector de compradores, proveedores y reclutadores diversos en México;</li>



<li>promover oportunidades de networking, capacitación y desarrollo de negocios entre los miembros de la red;</li>



<li>compartir información sobre programas, convocatorias y eventos relevantes relacionados con inclusión, diversidad y desarrollo empresarial.</li>
</ul>



<div style="height:30px" aria-hidden="true" class="wp-block-spacer"></div>



<hr class="wp-block-separator has-alpha-channel-opacity is-style-default"/>



<div style="height:50px" aria-hidden="true" class="wp-block-spacer"></div>



<h4 class="wp-block-heading"><strong>DATOS PERSONALES SENSIBLES</strong></h4>



<p><strong>ComproDiverso no recabará datos personales sensibles</strong> y no mantiene bases de datos que contengan dicha información.</p>



<div style="height:30px" aria-hidden="true" class="wp-block-spacer"></div>



<hr class="wp-block-separator has-alpha-channel-opacity is-style-default"/>



<div style="height:50px" aria-hidden="true" class="wp-block-spacer"></div>



<h4 class="wp-block-heading"><strong>TRANSFERENCIA DE DATOS PERSONALES</strong></h4>



<p><strong>ComproDiverso</strong> <strong>no compartirá sus datos personales con terceros sin su consentimiento expreso</strong>. En caso de que sea necesario transferir sus datos a alguna empresa afiliada o aliada para el cumplimiento de las finalidades antes descritas, se le notificará por correo electrónico, explicando el propósito de dicha transferencia.</p>



<p>La información <strong>solo será compartida si el titular otorga su autorización expresa</strong>. En caso de no recibir dicha autorización, sus datos no serán compartidos bajo ninguna circunstancia.</p>



<div style="height:30px" aria-hidden="true" class="wp-block-spacer"></div>



<hr class="wp-block-separator has-alpha-channel-opacity is-style-default"/>



<div style="height:50px" aria-hidden="true" class="wp-block-spacer"></div>



<h4 class="wp-block-heading"><strong>DERECHOS ARCO (ACCESO, RECTIFICACIÓN, CANCELACIÓN Y OPOSICIÓN)</strong></h4>



<p>Usted, como titular de los datos, puede ejercer en cualquier momento sus derechos de <strong>acceso, rectificación, cancelación y oposición</strong> (ARCO) enviando una solicitud al correo electrónico <a href="mailto:contacto@comprodiverso.com">contacto@comprodiverso.com</a>, o bien presentándola directamente en nuestras oficinas.</p>



<p>La solicitud deberá contener:</p>



<ul class="wp-block-list">
<li>nombre completo y medio de contacto (correo electrónico, domicilio o teléfono)</li>



<li>copia de una identificación oficial vigente</li>



<li>descripción clara del derecho que desea ejercer.</li>
</ul>



<p>En caso de rectificación, anexar los documentos que sustenten su petición.</p>



<p><strong>ComproDiverso</strong> se compromete a responder en un plazo máximo de <strong>20 días hábiles</strong> contados a partir de la recepción de su solicitud.</p>



<div style="height:30px" aria-hidden="true" class="wp-block-spacer"></div>



<hr class="wp-block-separator has-alpha-channel-opacity is-style-default"/>



<div style="height:50px" aria-hidden="true" class="wp-block-spacer"></div>



<h4 class="wp-block-heading"><strong>COMENTARIOS</strong></h4>



<p>Cuando los visitantes dejan comentarios en el sitio, recopilamos los datos que se muestran en el formulario de comentarios, así como la dirección IP del visitante y la cadena de agente de usuario del navegador para ayudar en la detección de spam.</p>



<p>Una cadena anonimizada creada a partir de tu dirección de correo electrónico (también llamada <em>hash</em>) puede ser proporcionada al servicio Gravatar para verificar si lo estás utilizando. La política de privacidad del servicio Gravatar está disponible aquí: <a href="https://automattic.com/privacy/">https://automattic.com/privacy/</a>.</p>



<p>Después de la aprobación de tu comentario, tu foto de perfil será visible al público en el contexto de tu comentario.</p>



<div style="height:30px" aria-hidden="true" class="wp-block-spacer"></div>



<hr class="wp-block-separator has-alpha-channel-opacity is-style-default"/>



<div style="height:50px" aria-hidden="true" class="wp-block-spacer"></div>



<h4 class="wp-block-heading"><strong>MEDIA</strong></h4>



<p>Si subes imágenes al sitio web, deberías evitar subir imágenes que contengan datos de ubicación incrustados (EXIF GPS). Los visitantes del sitio web pueden descargar y extraer cualquier dato de ubicación de las imágenes publicadas en el sitio.</p>



<div style="height:30px" aria-hidden="true" class="wp-block-spacer"></div>



<hr class="wp-block-separator has-alpha-channel-opacity is-style-default"/>



<div style="height:50px" aria-hidden="true" class="wp-block-spacer"></div>



<h4 class="wp-block-heading"><strong>COOKIES</strong></h4>



<p>Si dejas un comentario en nuestro sitio, puedes optar por guardar tu nombre, dirección de correo electrónico y sitio web en <em>cookies</em>. Esto es para tu comodidad, para que no tengas que volver a ingresar tus datos cuando dejes otro comentario. Estas <em>cookies</em> durarán un año.</p>



<p>Si visitas nuestra página de inicio de sesión, configuraremos una <em>cookie</em> temporal para determinar si tu navegador acepta <em>cookies</em>. Esta <em>cookie</em> no contiene datos personales y se elimina al cerrar tu navegador.</p>



<p>Cuando inicias sesión, también configuraremos varias <em>cookies</em> para guardar tu información de inicio de sesión y tus preferencias de visualización de pantalla. Las <em>cookies</em> de inicio de sesión duran dos días, y las <em>cookies</em> de opciones de pantalla duran un año. Si seleccionas “Recuérdame”, tu inicio de sesión persistirá durante dos semanas. Si cierras sesión en tu cuenta, las <em>cookies</em> de inicio de sesión se eliminarán.</p>



<p>Si editas o publicas un artículo, se guardará una <em>cookie</em> adicional en tu navegador. Esta <em>cookie</em> no incluye datos personales y simplemente indica el ID de la publicación del artículo que acabas de editar. Expira después de un día.</p>



<div style="height:30px" aria-hidden="true" class="wp-block-spacer"></div>



<hr class="wp-block-separator has-alpha-channel-opacity is-style-default"/>



<div style="height:50px" aria-hidden="true" class="wp-block-spacer"></div>



<h4 class="wp-block-heading"><strong>CONTENIDO INCRUSTADO DE OTROS SITIOS WEB</strong></h4>



<p>Los artículos en este sitio pueden incluir contenido incrustado (por ejemplo, videos, imágenes, artículos, etc.). El contenido incrustado de otros sitios web se comporta de la misma manera que si el visitante hubiera visitado directamente dicho sitio.</p>



<p>Estos sitios web pueden recopilar datos sobre ti, usar <em>cookies</em>, incrustar seguimiento adicional de terceros y monitorear tu interacción con ese contenido incrustado, incluyendo el seguimiento de tu interacción si tienes una cuenta y has iniciado sesión en ese sitio web.</p>



<div style="height:30px" aria-hidden="true" class="wp-block-spacer"></div>



<hr class="wp-block-separator has-alpha-channel-opacity is-style-default"/>



<div style="height:50px" aria-hidden="true" class="wp-block-spacer"></div>



<h4 class="wp-block-heading"><strong>CUÁNTO TIEMPO CONSERVAMOS TUS DATOS</strong></h4>



<p>Si dejas un comentario, el comentario y sus metadatos se conservan indefinidamente. Esto es para que podamos reconocer y aprobar automáticamente cualquier comentario de seguimiento en lugar de mantenerlo en una cola de moderación.</p>



<p>Para los usuarios que se registran en nuestro sitio web (si los hay), también almacenamos la información personal que proporcionan en su perfil de usuario. Todos los usuarios pueden ver, editar o eliminar su información personal en cualquier momento (excepto el nombre de usuario, que no se puede cambiar). Los administradores del sitio web también pueden ver y editar esa información.</p>



<div style="height:30px" aria-hidden="true" class="wp-block-spacer"></div>



<hr class="wp-block-separator has-alpha-channel-opacity is-style-default"/>



<div style="height:50px" aria-hidden="true" class="wp-block-spacer"></div>



<p>Fecha de última actualización: <strong>04 de julio de 2025</strong></p>

<p>IDENTIDAD Y DOMICILIO DEL RESPONSABLE Con fundamento en los artículos 15 y 16 de la Ley Federal de Protección de Datos Personales en Posesión de los Particulares y su Reglamento, se informa que Zombusiness S. A. de C. V., empresa legalmente constituida y titular de la marca registrada ComproDiverso, con domicilio en Torre Chapultepec Uno, [&hellip;]</p>
